28))?
-10
Calculate (-81 - -7) + (588 - 438).
76
What is the value of 6 - (79 + 32 + -61)?
-44
What is -76 + (192 - (58 - -44))?
14
Evaluate -2 + 24 + (694 - 731) + -36.
-51
What is (12524 - 12602) + (0 - -128)?
50
(-14 - -1) + -46 + (-40 - 14) + 13
-100
Calculate (-1094 - -993) + (128 - 1).
26
What is 32 + (-7 - -38) + -79?
-16
What is 0 + 63 - (-10463 + 10506)?
20
Calculate 18 - (-15 + 24 - 22 - -17).
14
What is (22 - -1) + -57 + (-30 - -57)?
-7
What is the value of 8 + (4 + -6 - -8) - (-38 - -31 - 6)?
27
Calculate 93 - (-81 + -26 + 111).
89
-67 - (5 - -2) - (-26 - 3 - -14)
-59
Evaluate -36 + -1 + -159 + 42 + 171.
17
54 + (51 - 114) - (-1 - 9)
1
What is the value of 93 + -57 - (32 + -19 + 15) - (-86 + -1)?
95
What is 13 - (3 + (1 - 1) + (29 - (26 + -84)))?
-77
(2 - -17) + (-15 - (-72 + 96)) + -42
-62
What is (129 - (315 + -177)) + (2 - (2 - (1 - 1)))?
-9
Calculate 14 + 12 + (-14 - (7 - (-5 + 61))).
61
Calculate -157 + 167 - (3 + 0 - 4 - -36 - -2).
-27
What is the value of 43 + -12 + -2 + (17 - (19 - 21))?
48
What is the value of (-84 - 20 - -112) + (1 - (2 - 15))?
22
-1 + (-4 - -7) + 15 + 6 + 24 - 6
41
What is -7 - -2 - (-4 - (2 - -1 - 14 - -9))?
-3
What is the value of -54 + 4 - (371 - 483)?
62
Calculate 18 + (9 - (-23 + 25)).
25
-5 + 10 + -6 + 2 - (-4 + (50 - -3))
-48
Calculate -6 - (1 + -1) - (-43 + (113 - (33 - 24))).
-67
What is -34 + 2 + -12 + 40?
-4
What is the value of 59 + (14 - (122 - 83)) + (-1 + 1 - -12)?
46
What is the value of (-5 - -1) + -275 + 242?
-37
What is 6 - -33 - (82 + 42 + 62)?
-147
Evaluate -183 - -165 - (-1 - 16) - (54 + 5).
-60
Evaluate 0 + -9 + -18 + (-12 - 8) + 16 - 4.
-35
((7 - (-10 - -31)) + 9 - -3) + -5 + 58
51
What is (53 + -247 - -100) + 187?
93
Calculate -9 + 0 - (-12 - -1 - (-65 + (-21 - -100))).
16
What is 1 + (5 + (2 - 122) - -4) - (132 - 144)?
-98
Evaluate (689 - 575) + 4 + -34.
84
(25 - 33) + (-8 - -11) + -2 + 59
52
What is the value of 6 - (-8 + 29 + 6 + -19)?
-2
Evaluate (0 + -1 - 21) + (-96 - -18) + (125 - 36).
-11
What is the value of 9 - ((38 - 20) + 15 + 12)?
-36
Calculate 57 - -8 - ((81 - 22) + -42).
48
(-4 - -48) + -2 + 0 + (21 - 28 - 0)
35
Evaluate (0 - (4 + -9)) + -78 + 75.
2
What is -5 + -3 + -5 + -10 + 11 - 79?
-91
Calculate -52 - (67 - 16) - -55.
-48
What is (-8 - 39) + 10 + 41?
4
Evaluate 220 - 50 - 158 - (-11 - (-2 - -5 - 1)).
25
What is (-24 - 147 - -82) + 15?
-74
-15 + -12 + (-47 - (17 + -26))
-65
What is the value of (-33 - (-12 + -7 - 16)) + 104?
106
What is the value of -61 + 31 + 57 + -123?
-96
What is -1 + 60 + (19 - (15 + 29))?
34
Calculate -4 + (28 + -9 - (-3 - (-3 + 3))).
18
What is (-4 + -14 - -19) + 7 + 10 + 3?
21
-20 - (-73 - -130) - -31
-46
What is the value of 2 + (-25 + 4 - -18) + 33?
32
Evaluate (578 + -539 - (1 + 42)) + (0 - 128).
-132
(-35 - -20) + (-21 - -16) + 53
33
-26 + (81 - 3) - 70
-18
6 + 16 + (11 - -10) + 5 + -12
36
Evaluate 1 - 34 - (520 - 538) - (-1 - 1).
-13
Evaluate -108 + (-156 + 244 - -9).
-11
Evaluate 70 - (46 + 26 + -50).
48
Calculate 46 + (157 - 164 - (4 + -43)).
78
Evaluate -9 - (-2 - -1) - (3371 + -3395) - 58.
-42
Calculate (-85 - -87) + -1 + (-4 - 58).
-61
What is 0 + 13 - (-1401 + 1391)?
23
What is 18 - 42 - -42 - 13?
5
Calculate 1 - ((-4 - 12) + (78 - (0 - 0))).
-61
What is the value of 18 + (-30 - 0 - (240 - 141))?
-111
Evaluate 23 + (35 - 39) - 36.
-17
Evaluate -52 + 162 + -184 + -26.
-100
What is -12 + (-11 - -72) - (-41 + -3)?
93
What is the value of 78 - 0 - (14 + 149 - 139)?
54
Calculate 11 + 16 + -21 + 19 + -3.
22
What is the value of 7 + -5 + 16 + (3 - 9 - -1)?
13
Evaluate 18 + (75 - 0) + -131.
-38
What is -448 + 447 + -69 + -2 + -1 + (-12 - -12)?
-73
Calculate -56 + -67 + 145 + -42.
-20
What is -11 + (83 - 83 - -51)?
40
Calculate 188 - 197 - (2 + (-3 - -6)).
-14
Evaluate -1 - (56 + (-21 - 6)).
-30
Evaluate 7 + (-120 - 1 - (-39 - (-19 - 22))).
-116
Calculate (20 + -3 - -2) + (-3014 - -3027).
32
What is 84 + 6 + -79 - (14 - 0)?
-3
What is the value of 16 + 58 + 17 + -61?
30
24 - (17 + -15 - (-7 + 8 - -8))
31
What is (18 - (3 - -6)) + (133 + -79 - (2 - 0))?
61
-1 + -5 + -37 + (-8 - -52) + 9
10
Calculate (137 - 17) + -50 + -67.
3
-3 - (-14 + (-8 - -26 - 12)) - 71
-66
What is 78 + (-2 - -37 - 82)?
31
Calculate 2 + 0 + 16 + (-1 + 9 - (86 + -75)).
15
What is the value of (-42 - (1 + -2 - 0)) + (-46 - (-31 + -25))?
-31
Evaluate (-31 - -12) + 86 + 12 + -19 - 12.
48
-50 + 13 + (705 - 585)
83
Calculate 55 - (15 - 47) - 54.
33
Evaluate -15 - -4 - -2 - (-25 + 42 + -13).
-13
What is the value of (-1 - -1 - (2 - 74) - 9) + 7?
70
Calculate 1 - (4 + -5 + 5) - (-132 - (3 - 13)).
119
What is 39 + -8 + (7 - 2) + -38 + 38?
36
What is the value of 0 + -28 - (-59 - (70 + -20))?
81
Evaluate -4 + -76 - (-17 - 16).
-47
What is the value of (1 - -3 - -4) + -15 + -47 - (-2 + 1)?
-53
What is the value of (-2 - -54 - (39 + -49 - (-2 - 3))) + -2?
55
Calculate -1 + 15 + 20 + 1 + -43 + 23.
15
Evaluate (-691 - -717 - (-1 + 67)) + -20.
-60
Evaluate -57 + -6 + 14 + -15 + 30 + (11 - 15).
-38
Calculate (-20 - (-23 - (18 - 22))) + (-6 - -68).
61
What is the value of 37 + (16 - 20) - -106?
139
Evaluate -41 + 45 + (-3 - 40 - 5) - -13.
-31
What is the value of 211 + -361 - (-93 + 13)?
-70
Evaluate -23 + 64 + (-81 - -28).
-12
What is -4 + ((-2 - -47) + -50 + 52 - -1)?
44
What is the value of 32 - -8 - ((-10 - -60) + -78)?
68
Calculate 1 + 0 - -21 - (-13716 - -13715) - (1 - -11).
11
Evaluate 27 + 23 + -48 - 22.
-20
Evaluate (-39 - -13 - 4) + (-42 - -41).
-31
15 + -2 + 0 - (109 + -48 + -73)
25
What is (24 - (18 + 31) - -19) + (1 - 11)?
-16
Evaluate -10 + (8 - (5 + -5)) + (-1 - 14).
-17
Calculate -29 + (11 - 5) + (177 - 43).
111
What is the value of (-9 - (8 + -30)) + -25 - 23?
-35
Calculate -23 - (20 + 12 + -15 + 14).
-54
(15 - 1) + 23 + -52 + 12 + 68
65
Evaluate -45 + (84 + -19 - 31).
-11
-1 + (-2 - (23 + -16) - -41)
31
Calculate 35 + (0 - -7 - (390 + -383)).
35
What is the value of (-187 - -174 - (0 - -10)) + 22?
-1
23 + -1 - (-182 - -202) - (-1 - -3 - -26)
-26
What is the value of (-83 - 1) + (1824 - 1777)?
-37
What is 31 + -17 + (-57 - 6)?
-49
What is 24 - (-38 - -80) - -42?
24
What is the value of -67 - (32 - 49 - 16)?
-34
(-12 + 12 + -3 - (8 + -14)) + 70
73
What is the value of 4 + -1 + (-33 + -4 - -8) - -1?
-25
What is -10 + (3 - 3) - (11 + (11 - (-11 - -125)))?
82
What is the value of -50 - -67 - (7 + -1) - (-5 - 46 - -27)?
35
11 - 0 - (68 - (93 - 36)) - 75
-75
Evaluate -5 - 10 - (19 - (13 - -15) - -21).
-27
What is the value of (-5 - (-1 - (-13 - (10 + -36)))) + -3 + 41?
47
26 + (1 - 3) + (60 - (-80 - -120))
44
What is -63 - (-78 + 155) - -44?
-96
Calculate -12 + (22 + 1 - (197 - 171)).
-15
What is the value of 30 + (75 - (54 - 0))?
51
Evaluate -17 - (-46 - ((-17 - -49) + -66)).
-5
What is the value of (103 - 59) + -45 - -43?
42
What is the value of -23 - (24 - 96) - 83?
-34
(-9 - (-1 - 17) - (-144 - -42)) + (-10 - -1)
102
Calculate -6 - -47 - -9 - (-9 - (14 - 15)).
58
Evaluate 57 + -81 + 59 + -7.
28
Calculate (-142 - (0 + 2)) + 23 + (-41 - -40).
-122
Evaluate (-98 - (-56 - -8)) + 100.
50
What is the value of -46 + 100 - (-23 - (-16 + 11))?
72
Calculate 4 + -7 - (2 + -11 + -4 + -10 + 16).
4
What is the value of (-1 - -3 - 0) + (17 - (26 + 9 + -17))?
1
Evaluate -4 + 23 + -24 + 40 - -17.
52
Evaluate (0 + -3 - 13) + 707 + -671.
20
What is -22 + -19 + (-15 - -40)?
-16
What is the value of -2 - 8 - 1 - (10 + -83 + 87)?
-25
Calculate -13 - (-220 + 216 - (2 - -13)).
6
Evaluate (8 + 1 - 13) + 7 + 12 - -12.
27
Evaluate -59 + (17 - 18) + (4 - -6) - -9.
-41
41 - (51 + -56 + 54) - (-114 - 2 - 3)
111
What is 49 + -45 + 41 + -7?
38
What is 5 + (-1 - (0 + 11) - -12) + (4 - -57)?
66
Evaluate 10 - (12 + 0 + -60 + 30).
28
What is (10 - (-13 + 7)) + -13 + (-42 - 39)?
-78
Evaluate 1 + -3 + -52 + (3 + -25 - (-5 + -16)).
-55
What is -6 - (-10 + 10) - (25 + -10)?
-21
What is (-1730 - -1739) + (4 - 3 - 0) + 64?
74
What is the value of -101 + -3 + (-49 + 14 - (-5 - 47))?
-87
4 - (68 + 1) - (2 + -22 + 7)
-52
What is the value of 22 - (32 + (25 - 50 - -44))?
-29
Calculate 54 - (21 + (87 - 71)).
17
What is -64 + -1 + 25 - ((13 - 6) + 7)?
-54
What is the value of 54 - (-109 - -37 - -109)?
17
What is (3 + 3 - -1) + (-53 - 7) + 52?
-1
Evaluate 22 + -57 + 39 - (12 - (-1 + 2)).
-7
Calculate 23 - (24 +